the greatest common factor of 554067 and 27.
27
What is the highest common factor of 590 and 204435?
295
Calculate the highest common factor of 415 and 810.
5
What is the greatest common divisor of 45182 and 246?
82
Calculate the highest common factor of 2964 and 5889.
39
Calculate the greatest common divisor of 10524 and 132.
12
What is the highest common divisor of 180 and 17380?
20
Calculate the greatest common divisor of 2453 and 26091.
223
What is the highest common divisor of 1467 and 93399?
489
Calculate the greatest common divisor of 24541 and 6831.
253
Calculate the highest common factor of 11646 and 243.
9
Calculate the highest common factor of 28 and 25494.
14
What is the highest common divisor of 25 and 30235?
5
What is the highest common divisor of 9325 and 2275?
25
Calculate the highest common divisor of 7425 and 16650.
225
Calculate the greatest common divisor of 9150 and 2700.
150
What is the highest common divisor of 98109 and 17127?
99
What is the highest common divisor of 200 and 621700?
100
Calculate the highest common factor of 24 and 67836.
12
What is the highest common factor of 82606 and 3502?
206
Calculate the highest common divisor of 3920 and 526505.
245
Calculate the greatest common factor of 1195 and 13862.
239
Calculate the highest common factor of 447951 and 8481.
771
Calculate the highest common divisor of 31227 and 126.
21
Calculate the greatest common divisor of 1327116 and 732.
732
What is the highest common factor of 261 and 615525?
87
Calculate the highest common divisor of 1 and 13775.
1
Calculate the highest common factor of 127446 and 22.
22
What is the greatest common divisor of 475 and 20?
5
What is the highest common divisor of 836 and 917434?
38
Calculate the highest common divisor of 990 and 7110.
90
What is the highest common factor of 513 and 682974?
171
Calculate the highest common divisor of 218 and 146714.
218
Calculate the greatest common factor of 5192 and 76.
4
What is the highest common factor of 773730 and 360?
90
What is the greatest common divisor of 110 and 1730?
10
What is the greatest common divisor of 1878149 and 273?
91
What is the highest common divisor of 36 and 40620?
12
Calculate the greatest common factor of 51318 and 18.
18
What is the greatest common divisor of 661887 and 63252?
2259
Calculate the highest common divisor of 1616 and 78477.
101
Calculate the highest common divisor of 651 and 22498.
7
Calculate the greatest common factor of 39 and 28197.
39
Calculate the greatest common divisor of 53896 and 16.
8
Calculate the highest common divisor of 5800 and 360644.
116
What is the highest common divisor of 228 and 6672?
12
Calculate the highest common divisor of 25774 and 17003.
49
Calculate the highest common factor of 3013326 and 72.
18
Calculate the highest common divisor of 816 and 1043664.
816
What is the greatest common divisor of 5652 and 5495?
157
Calculate the highest common factor of 18 and 721233.
9
Calculate the greatest common divisor of 2055 and 105.
15
Calculate the highest common factor of 4580 and 160.
20
Calculate the highest common divisor of 248 and 66464.
248
What is the highest common divisor of 95988 and 342?
114
Calculate the greatest common divisor of 157 and 373189.
157
What is the highest common factor of 48117 and 1677?
129
What is the highest common divisor of 2015 and 195?
65
What is the greatest common divisor of 64103 and 247?
13
Calculate the greatest common divisor of 36 and 97668.
36
What is the highest common divisor of 136382 and 407?
37
What is the highest common factor of 13279 and 31436?
271
What is the greatest common factor of 77 and 616?
77
Calculate the greatest common divisor of 28474 and 1150.
46
Calculate the highest common factor of 1003 and 41.
1
Calculate the highest common factor of 75 and 62025.
75
What is the highest common factor of 26244 and 6480?
324
Calculate the greatest common divisor of 7052 and 2788.
164
What is the greatest common factor of 2700 and 2140?
20
What is the highest common divisor of 36 and 291159?
9
What is the greatest common divisor of 253 and 92575?
23
Calculate the highest common factor of 1485 and 27870.
15
Calculate the highest common divisor of 825 and 20475.
75
What is the greatest common factor of 9850 and 75?
25
What is the highest common factor of 69430 and 530?
530
Calculate the greatest common divisor of 3256 and 8954.
814
What is the highest common factor of 615 and 8241?
123
Calculate the highest common factor of 2322 and 103458.
258
What is the highest common factor of 12 and 507744?
12
Calculate the highest common divisor of 1073 and 638.
29
What is the greatest common factor of 3130 and 226299?
313
What is the greatest common factor of 76 and 61636?
76
Calculate the greatest common factor of 10 and 5765.
5
Calculate the greatest common divisor of 33 and 480073.
11
Calculate the greatest common factor of 50 and 190625.
25
What is the greatest common divisor of 56 and 4056?
8
Calculate the highest common divisor of 304 and 49362.
38
Calculate the highest common divisor of 1384452 and 324.
324
Calculate the greatest common factor of 1725543 and 263.
263
Calculate the highest common divisor of 225 and 1147005.
45
Calculate the greatest common factor of 102 and 2102526.
102
Calculate the highest common factor of 3227 and 287.
7
What is the highest common divisor of 146300 and 3724?
532
Calculate the highest common factor of 5 and 70765.
5
Calculate the greatest common divisor of 147 and 609.
21
What is the highest common factor of 20 and 3731310?
10
Calculate the highest common divisor of 3104 and 53156.
388
Calculate the highest common factor of 558 and 4122504.
558
Calculate the highest common factor of 84 and 106548.
12
What is the highest common factor of 136130 and 80?
10
What is the highest common factor of 560 and 33530?
70
Calculate the greatest common factor of 7908 and 12.
12
Calculate the greatest common factor of 162567 and 5129.
223
Calculate the highest common factor of 86966 and 33902.
1474
What is the highest common divisor of 242240 and 4160?
320
What is the greatest common factor of 504 and 12054?
42
What is the highest common factor of 1233991 and 11?
11
Calculate the highest common divisor of 420 and 105900.
60
Calculate the greatest common factor of 1 and 104851.
1
Calculate the greatest common divisor of 527660 and 140.
140
Calculate the greatest common divisor of 10845 and 6.
3
Calculate the highest common divisor of 219114 and 4653.
423
What is the highest common factor of 425 and 17725?
25
What is the greatest common divisor of 315 and 562635?
45
What is the greatest common factor of 127508 and 12048?
1004
What is the highest common factor of 4464 and 21456?
144
Calculate the highest common divisor of 7896 and 4935.
987
Calculate the highest common divisor of 7748 and 126054.
298
Calculate the greatest common factor of 38600 and 9457.
193
Calculate the greatest common factor of 44190 and 180.
90
Calculate the greatest common divisor of 12 and 303124.
4
What is the highest common factor of 51837 and 3736?
467
What is the highest common factor of 67 and 893914?
67
What is the greatest common divisor of 19825 and 520?
65
What is the highest common factor of 3832 and 342?
2
Calculate the highest common divisor of 522198 and 201.
201
Calculate the greatest common divisor of 314 and 750146.
314
What is the highest common divisor of 1748 and 38912?
76
What is the highest common divisor of 24528 and 3650?
146
Calculate the greatest common factor of 25636 and 58.
58
What is the highest common divisor of 399 and 16435?
19
What is the greatest common divisor of 325 and 12935?
65
Calculate the highest common factor of 34142 and 602.
86
Calculate the highest common divisor of 15960 and 6540.
60
What is the highest common divisor of 14859 and 1287?
117
What is the highest common factor of 3232302 and 1068?
534
What is the highest common divisor of 558 and 41904?
18
Calculate the greatest common divisor of 61695 and 30.
15
Calculate the highest common factor of 5148 and 1066.
26
Calculate the greatest common divisor of 9632 and 2236.
172
Calculate the greatest common divisor of 1481277 and 63.
21
Calculate the highest common divisor of 16458 and 1248.
78
Calculate the great